s 18 divide 1079797?
False
Is 687828 a multiple of 43?
True
Does 17 divide 1474247?
False
Is 750097 even?
False
Is 142456 a multiple of 98?
False
Is 37733 a multiple of 46?
False
Is 2483 a factor of 21066158?
False
Is 8 a factor of 67815?
False
Does 130 divide 27256?
False
Is 26 a factor of 26312?
True
Is 160694 a multiple of 20?
False
Is 15 a factor of 1585935?
True
Does 425 divide 368008?
False
Is 135756 a multiple of 54?
True
Is 24 a factor of 68067?
False
Does 269 divide 1209806?
False
Is 5208 a multiple of 56?
True
Does 11 divide 162855?
True
Does 347 divide 4461648?
False
Is 36 a factor of 601805?
False
Does 221 divide 1319678?
False
Is 95609 a multiple of 102?
False
Is 37 a factor of 851652?
False
Does 27 divide 694332?
True
Does 18 divide 3816427?
False
Is 2 a factor of 80847?
False
Is 1807204 a multiple of 7?
True
Is 3 a factor of 168105?
True
Is 1567098 a multiple of 2353?
True
Is 46 a factor of 56440?
False
Is 390735 a multiple of 457?
True
Does 12 divide 553896?
True
Does 14 divide 22965?
False
Does 142 divide 164294?
True
Does 5 divide 36065?
True
Is 1540988 a multiple of 382?
True
Is 569 a factor of 5764740?
False
Is 97340 a multiple of 17?
False
Is 1498290 a multiple of 30?
True
Does 45 divide 43200?
True
Does 45 divide 83025?
True
Does 6 divide 868860?
True
Is 139 a factor of 345907?
False
Is 897299 a multiple of 299?
True
Is 113274 a multiple of 18?
True
Is 10204425 a multiple of 651?
True
Is 218652 a multiple of 28?
True
Does 59 divide 1624177?
False
Is 47905 a multiple of 11?
True
Is 20 a factor of 34408?
False
Does 152 divide 452305?
False
Is 226437 a multiple of 373?
False
Does 167 divide 1540241?
True
Is 67 a factor of 2940496?
True
Is 27 a factor of 5620631?
False
Is 209412 a multiple of 36?
True
Is 229 a factor of 483551?
False
Does 813 divide 2464694?
False
Is 455937 a multiple of 11?
False
Does 527 divide 79230?
False
Is 1939420 a multiple of 245?
True
Is 12 a factor of 1318602?
False
Is 277537 a multiple of 138?
False
Is 561 a factor of 172009?
False
Is 119550 a multiple of 14?
False
Is 8403172 a multiple of 10?
False
Is 212 a factor of 432904?
True
Is 3137388 a multiple of 53?
True
Is 2 a factor of 137396?
True
Is 35 a factor of 138985?
True
Is 31 a factor of 5195859?
False
Does 644 divide 924140?
True
Does 426 divide 15591280?
False
Is 19 a factor of 235640?
False
Is 104 a factor of 15165744?
False
Does 490 divide 2451960?
True
Is 266344 a multiple of 31?
False
Is 15 a factor of 1504246?
False
Is 4751393 a multiple of 3?
False
Is 392280 a multiple of 105?
True
Does 8 divide 372736?
True
Is 173075 a multiple of 43?
True
Is 12748406 a multiple of 11?
True
Does 307 divide 182843?
False
Is 11 a factor of 685619?
True
Does 37 divide 323824?
True
Does 42 divide 485806?
False
Is 118 a factor of 577728?
True
Does 56 divide 5152?
True
Is 138715 a multiple of 5?
True
Does 7 divide 1335?
False
Is 3044214 a multiple of 318?
True
Is 11 a factor of 27643?
True
Does 33 divide 122364?
True
Is 1116034 a multiple of 67?
False
Is 556404 a multiple of 165?
False
Is 449437 a multiple of 52?
False
Is 250231 a multiple of 23?
False
Is 178 a factor of 99652?
False
Is 86795 a multiple of 59?
False
Is 800401 a multiple of 13?
False
Is 19 a factor of 424745?
True
Is 19 a factor of 24634480?
False
Does 339 divide 2110422?
False
Is 519 a factor of 2558151?
True
Does 8 divide 50656?
True
Is 122368 a multiple of 16?
True
Is 4 a factor of 341428?
True
Does 184 divide 193049?
False
Does 94 divide 237215?
False
Is 215 a factor of 747125?
True
Is 30 a factor of 40470?
True
Is 459 a factor of 2286561?
False
Is 12 a factor of 461220?
True
Does 5 divide 1828270?
True
Is 1462620 a multiple of 384?
False
Does 13 divide 188512?
False
Is 17 a factor of 208386?
True
Does 8 divide 13484290?
False
Is 71 a factor of 2844544?
True
Is 2854950 a multiple of 350?
True
Does 5 divide 1124463?
False
Is 18 a factor of 51948?
True
Is 78365 a multiple of 115?
False
Is 7 a factor of 61586?
True
Does 19 divide 1860476?
False
Is 9389260 a multiple of 20?
True
Is 993 a factor of 854573?
False
Is 18098 a multiple of 31?
False
Is 158283 a multiple of 129?
True
Does 72 divide 3847176?
True
Is 136795 a multiple of 217?
False
Does 23 divide 880555?
True
Is 1028200 a multiple of 66?
False
Does 37 divide 1089038?
False
Is 3719347 a multiple of 17?
False
Is 205 a factor of 1951395?
True
Is 3 a factor of 28130?
False
Does 17 divide 275451?
True
Is 123672 a multiple of 15?
False
Is 9092880 a multiple of 1314?
True
Does 17 divide 118082?
True
Is 374334 a multiple of 97?
False
Is 804217 a multiple of 3?
False
Is 9 a factor of 4170679?
False
Is 280304 a multiple of 16?
True
Does 5 divide 2741349?
False
Is 815 a factor of 18108485?
True
Is 40 a factor of 547810?
False
Is 38 a factor of 219418?
False
Does 90 divide 2304540?
True
Does 6 divide 1929324?
True
Is 7473947 a multiple of 1261?
True
Is 80 a factor of 68720?
True
Is 22 a factor of 5031961?
False
Does 19 divide 607283?
False
Is 2 a factor of 73451?
False
Does 1708 divide 4627780?
False
Does 705 divide 22556475?
True
Does 13 divide 151118?
False
Does 1416 divide 11981629?
False
Is 13159 a multiple of 22?
False
Is 97 a factor of 414452?
False
Is 15 a factor of 41205?
True
Is 260 a factor of 4599140?
True
Is 25 a factor of 226835?
False
Is 476697 a multiple of 17?
True
Is 74 a factor of 1343351?
False
Does 408 divide 144879?
False
Is 8911068 a multiple of 852?
True
Does 10 divide 111747?
False
Is 19 a factor of 3127234?
False
Does 18 divide 548568?
True
Is 15377856 a multiple of 123?
False
Is 925185 a multiple of 6?
False
Is 26 a factor of 13136604?
True
Is 1335 a factor of 30935755?
False
Is 134640 a multiple of 45?
True
Is 12 a factor of 136956?
True
Is 111 a factor of 26231?
False
Is 347 a factor of 1082640?
True
Is 1157730 a multiple of 111?
True
Is 168 a factor of 4001010?
False
Is 25 a factor of 5082704?
False
Does 10 divide 11812830?
True
Does 229 divide 1390030?
True
Is 31 a factor of 89694?
False
Is 165 a factor of 211961?
False
Does 32 divide 260128?
True
Does 39 divide 811746?
True
Does 614 divide 4713064?
True
Is 13 a factor of 1195913?
False
Is 221759 a multiple of 54?
False
Is 2919084 a multiple of 21?
True
Does 48 divide 611956?
False
Does 7 divide 1855?
True
Is 278 a factor of 8741432?
True
Is 196326 a multiple of 13?
True
Does 4 divide 868?
True
Is 3472126 a multiple of 574?
True
Is 74 a factor of 47411?
False
Does 21 divide 197094?
False
Is 126208 a multiple of 116?
True
Is 65068 a multiple of 10?
False
Is 2 a factor of 15470?
True
Is 15 a factor of 135021?
False
Is 20520841 a multiple of 457?
False
Is 2166 a multiple of 19?
True
Is 302580 a multiple of 18?
True
Is 416000 a multiple of 325?
True
Is 94575 a multiple of 9?
False
Does 8 divide 115857?
False
Does 309 divide 558326?
False
Does 495 divide 413325?
True
Is 592058 a multiple of 12?
False
Does 10 divide 7646023?
False
Is 31720 a multiple of 8?
True
Is 301890 a multiple of 10?
True
Is 29 a factor of 757828?
True
Is 235152 a multiple of 852?
True
Does 19 divide 195263?
True
Does 48 divide 232626?
False
Does 50 divide 185350?
True
Is 3 a factor of 23343?
True
Does 33 divide 2610894?
True
Is 1379601 a multiple of 252?
False
Does 13 divide 174902?
True
Is 6537399 a multiple of 52?
False
Is 18 a factor of 101877?
False
Does 134 divide 6198304?
True
Is 71630 a multiple of 551?
True
Is 398 a factor of 342385?
False
Is 11 a factor of 3693?
False
Is 621023 a multiple of 13?
True
Is 205 a factor of 591425?
True
Is 173849 a multiple of 247?
False
Does 8 divide 1913148?
False
Is 733 a factor of 1505352?
False
Is 10 a factor of 46120?
True
Is 327308 a multiple of 112?
False
Is 47 a factor of 146405?
True
Does 108 divide 188892?
True
Does 209 divide 10085?
False
Is 1158076 a multiple of 13?
False
Is 1390518 a multiple of 67?
True
Is 3432347 a multiple of 194?
False
Is 213 a factor of 5819562?
False
Is 55 a factor of 272924?
False
Is 8983014 a multiple of 89?
False
Is 6763893 a multiple of 41?
True
Does 2 divide 225700?
True
Is 3213573 a multiple of 11?
True
Is 164238 a multiple of 62?
True
Is 113406 a multiple of 123?
True
Is 7 a factor of 79507?
False
Is 58891 a multiple of 18?
False
Does 52 divide 270608?
True
Is 178 a factor of 1932974?
False
Is 137397 a multiple of 